t. List the prime factors of t.
1867
Let f = -22 + 24. Suppose 3*i - 5*d + 3*d = 76, f*i + d = 46. What are the prime factors of i?
2, 3
What are the prime factors of 2/4 - 1 - 33957/(-18)?
2, 23, 41
What are the prime factors of (-7)/((-21)/960) + 20/(-4)?
3, 5, 7
Let w(n) = -2*n + 6. Let h(i) = 2*i**2 + i - 2. Let b be h(2). Let r be 0/(-1)*4/b. List the prime factors of w(r).
2, 3
Suppose -2*p + 7*p = y - 15, 0 = p + 2*y - 8. List the prime factors of p/6*(-3 + (-2 - 613)).
2, 103
Let c be (-18 - -2)/4 - -240. Suppose 3*y - a = c, 0*y - 2*a = -2*y + 164. What are the prime factors of y?
7, 11
List the prime factors of 85*(7 + (-23)/((-575)/570)).
17, 149
Let r = 1013 + -473. List the prime factors of r.
2, 3, 5
Suppose 38052 + 43698 = 25*t. What are the prime factors of t?
2, 3, 5, 109
Let q(x) = 131*x**2 + 0 + 9*x + 3 - 13*x. List the prime factors of q(1).
2, 5, 13
Suppose -2*a - 2*c = 2*a - 10, 0 = -5*c - 15. Suppose g = -5*l + 17, 0 = -l + 3*g - a + 1. What are the prime factors of 67/l + (-22)/(-33)?
23
Let w(k) = -k**2 + 12*k - 14. Let l be w(7). Suppose p + 2*p = n - l, 3*p = -n + 33. What are the prime factors of n?
3
Let m(g) = 18*g**2 - 31*g + 62. What are the prime factors of m(6)?
2, 131
List the prime factors of -4 + (-248400)/(-99) - (-1)/(-11).
3, 5, 167
Let g(l) = l**2 - 18*l + 23. Let c be g(17). What are the prime factors of (2 - (c - 2)) + 358/2?
3, 59
Let v = -813 - -1258. What are the prime factors of v?
5, 89
Suppose -7*y + 74 = -5*y. Let g = 78 - y. List the prime factors of g.
41
Let k(s) = -s**2 - 5*s + 3. Let u be k(0). List the prime factors of 140/u + 11/(99/(-6)).
2, 23
Let j(z) be the third derivative of -z**6/120 - z**5/60 - z**4/12 + 115*z**3/6 - 15*z**2. List the prime factors of j(0).
5, 23
Let v(n) = n**2 + 12*n + 2. List the prime factors of v(11).
3, 5, 17
Let r(q) be the first derivative of 5*q**2/2 - 14*q - 5. List the prime factors of r(7).
3, 7
Suppose -3*k = -0*k - 3666. Suppose -1034 - k = -16*q. List the prime factors of q.
3, 47
Suppose 0*s - 1352 = -13*s. Let b = 158 - s. What are the prime factors of b?
2, 3
List the prime factors of ((-109)/(-327))/(-3*(-3)/120420).
2, 5, 223
Let a(i) = 116*i**2 + 12*i - 23. List the prime factors of a(6).
5, 13
Suppose -m = m. Let z(n) = -5 + 2*n + 8 + m*n. List the prime factors of z(3).
3
Suppose 0 = 3*u - 0*k + 2*k + 18, 55 = -5*u + 5*k. What are the prime factors of (-106)/3*12/u?
53
Let o(n) = 9*n**2 - n + 2. Let j(p) = -10*p - 4*p**2 + 5*p**2 + 0*p**2 + 7 + 0*p**2. Let x be j(9). List the prime factors of o(x).
2, 5
Suppose -2*g = -8*g + 5052. List the prime factors of g.
2, 421
Let v = 1754 - 1090. List the prime factors of v.
2, 83
Let p(a) = a + 9. Let i be p(-7). Let f(q) = 19*q**2 - 6*q + 5. Let s(j) = -10*j**2 + 3*j - 3. Let w(u) = -2*f(u) - 5*s(u). List the prime factors of w(i).
47
Let v be 14/(-4) - (-3)/(-6). Suppose 0 = 6*y - 9*y + 69. Let b = v + y. What are the prime factors of b?
19
Let i(r) = 2*r**3 - 4*r**2 + 8*r - 6. Suppose -3*v = 2*v - 5*d - 15, 3*v = -5*d + 17. What are the prime factors of i(v)?
2, 3, 5
Suppose z - 74 = -26. Suppose 5*s = -3*g - 64, s + g + 22 = 5*g. Let x = s + z. What are the prime factors of x?
2, 17
Let h(y) = -22*y - 103. What are the prime factors of h(-6)?
29
Let s = -2210 + 3170. List the prime factors of s.
2, 3, 5
Let t = 60 + -58. Suppose 6*f - 480 = t*f. List the prime factors of f.
2, 3, 5
Let z = -23 - -27. Suppose 6*r - 34 = z*r. List the prime factors of r.
17
Let o(d) be the first derivative of 45*d**2/2 + 13*d + 16. What are the prime factors of o(2)?
103
Let i be 12 - ((-6)/3)/1. Suppose 4*k - 3*v = 55 - i, 4*v = 2*k - 8. What are the prime factors of k?
2, 7
Let m(n) = 3*n**2 + 21*n - 87. List the prime factors of m(12).
3, 199
Let j(m) = 20*m**2 - 25*m + 124. What are the prime factors of j(11)?
2269
Let p = -123 - -123. Suppose 10*b - 118 - 522 = p. What are the prime factors of b?
2
Let k = 172 + -171. Let p(x) = 28*x**3 - x. Let f(r) = r**3. Let s(y) = -4*f(y) + p(y). List the prime factors of s(k).
23
Suppose 624 + 191 = 5*b. Let n = 291 - b. List the prime factors of n.
2
Suppose 0 = -30*x + 17477 + 763. List the prime factors of x.
2, 19
Let p(r) = 2*r**2 + 2*r - 2. Let a be p(-2). Let w(m) = -4*m + 31*m**2 - 18*m + 3*m - 32*m**a - 7. List the prime factors of w(-16).
41
Suppose -9642 = -4*o + 2654. What are the prime factors of o?
2, 29, 53
Suppose 40 + 175 = 5*u. Let g = -1 + u. What are the prime factors of g?
2, 3, 7
Let o(m) be the third derivative of 1/24*m**4 - 7/6*m**3 + 4*m**2 + 0 + 0*m + 1/60*m**5. What are the prime factors of o(5)?
23
Let h = 63 + -32. Let m be 8/(-24) - (-258)/(-9). Let s = h + m. List the prime factors of s.
2
Let s = -70 - -226. Let l be ((-1007)/(-19))/(2/(-4)). Let n = s + l. What are the prime factors of n?
2, 5
Let w(g) = g**3 - 5*g**2 + 59*g + 1. What are the prime factors of w(17)?
2, 13, 43
Suppose -5*a + 177 = 552. Let y = a - -112. List the prime factors of y.
37
Let j(q) = -8*q**2 + 31*q + 11. Let x be j(11). Let r = 908 + x. What are the prime factors of r?
2, 73
Suppose 5*c - 1 = -3*j + 11, -5*c = -2*j + 8. List the prime factors of (c - 5)*141*(-2)/10.
3, 47
Suppose -r = -5*n - 3*r, -2*r = n. Suppose -5*s + 3*s + 218 = n. List the prime factors of s.
109
Suppose 2*h + 3*w = 3, -w + 6 - 1 = 0. List the prime factors of 2 - 28/h*39.
2, 23
Let c(b) = -8*b + 7. Let q be c(3). Let r = 19 - q. List the prime factors of r.
2, 3
Suppose -6*t + t + 2*y = -23, 5*y = -20. Suppose -6*i + 216 = -t*i. List the prime factors of i.
2, 3
What are the prime factors of -444*((-3)/(-2) + -2)?
2, 3, 37
Let y(h) = -8*h + 5. Let f be y(-16). Suppose -4*n + f = 5. List the prime factors of n.
2
Let s = -10 - -3. Let n(a) = -2*a**2 + 11*a - 1. Let o(v) = v**2 - 10*v + 1. Let h(j) = 2*n(j) + 3*o(j). What are the prime factors of h(s)?
2
Let d = -252 + 480. List the prime factors of (d/(-15))/(8/(-20)).
2, 19
Suppose 144229 = 40*d - 73611. What are the prime factors of d?
2, 7, 389
Let p(c) = -c**3 + 9*c**2 - 7*c. Let f be p(8). What are the prime factors of 78/f*((-204)/(-18) - -6)?
13
Let w(k) = -4*k**3 - 6*k**2 + 5. Let o(i) = i**3. Let h(a) = 5*o(a) + w(a). Let x be h(6). Suppose 0 = -0*f - x*f + 145. What are the prime factors of f?
29
Let n = -192 + 323. What are the prime factors of n?
131
List the prime factors of ((-12)/(-2))/(-3 + 1) + 174.
3, 19
Let c(h) = -h**2 + 9*h + 22. Let g be c(11). Let t = -2 + 6. Let b = g + t. What are the prime factors of b?
2
Let y = 4739 + -2627. List the prime factors of y.
2, 3, 11
Suppose -211 = 4*a - 5*o, -5*a + 66 = -2*o + 317. Suppose -3*g = 108 + 219. Let i = a - g. What are the prime factors of i?
2, 3, 5
Suppose -o - 17 = 2*i, 2*o - 7 = -1. Let n = i - -31. Suppose -5*k = -179 - n. List the prime factors of k.
2, 5
Let m be (2/5)/((-9)/(-270)). Let b be m/15*25/10. Suppose 28 = 2*o - b. What are the prime factors of o?
3, 5
Let t(v) = -4*v - 17. Let w be t(-2). Let z(d) = -15*d + 48. List the prime factors of z(w).
3, 61
Suppose -q = 5*w - 114, -5*w + 4*q + 90 = -q. Suppose -2*k = -4*b - w, 0*k - b - 30 = -4*k. Let j = 24 - k. What are the prime factors of j?
17
Suppose 2*z - 3898 = p, 13*p = 8*p + 10. What are the prime factors of z?
2, 3, 5, 13
Let v(w) = 4*w**3 - 23*w**2 + 11*w - 20. Let i(c) = c**3 - 6*c**2 + 3*c - 5. Let z(x) = -9*i(x) + 2*v(x). What are the prime factors of z(5)?
5, 11
Let s(z) be the third derivative of z**5/60 - z**4/6 - 7*z**3/3 + 12*z**2. Let v = 17 + -8. What are the prime factors of s(v)?
31
Suppose 5*f - 8*k = -3*k + 6955, -f - 2*k + 1400 = 0. List the prime factors of f.
2, 17, 41
Let z(j) = -2*j + 10. Let b be z(4). Suppose -197 = -b*v + 103. List the prime factors of v.
2, 3, 5
Let t be (-10)/(-45) + 274/(-18). Let d be 3 - t - (-2 - -4). Let h = d - -1. What are the prime factors of h?
17
Suppose 0 = 5*t - 5*s + 5 - 16235, 2*t = -s + 6495. List the prime factors of t.
17, 191
Let x = 70 - -184. List the prime factors of x.
2, 127
Suppose -4*t + 417 = -5*b + 104, 2*b + 114 = -4*t. Let l = b - -162. What are the prime factors of l?
101
Let q(z) be the third derivative of -23*z**6/60 + z**4/8 + z**3/3 - 18*z**2. What are the prime factors of q(-1)?
3, 5
Let h(d) = 13*d**2 + 53*d + 47. Le